*3 + 6*w**2 - 4*w - 3. Let x(b) = 5*b**3 + 31*b**2 - 21*b - 14. Let c(n) = 2*x(n) - 11*y(n). List the prime factors of c(-5).
2, 5
Let d(q) = -2*q**3 - 6*q**2 - 5*q - 3. Let u be d(-4). Suppose 5*h - u = 31. What are the prime factors of h?
2
Let j(y) = 4*y**2 - 9*y + 5. List the prime factors of j(4).
3, 11
Let j(h) = -2*h**2 - 11*h - 4. Let q be j(-7). Let s = 63 + q. Let c = s - 18. What are the prime factors of c?
2, 5
Let i(v) = v**2 - 2*v + 5. Let s be i(-4). Suppose 5*z - 1 = s. What are the prime factors of z?
2, 3
Let m be 9/(0 - -3) - -2. Suppose 3*n + 2 = i - 2*i, 0 = m*n + 20. List the prime factors of i.
2, 5
Let g be (1 + -1)/((-14)/(-7)). Suppose 2*z - 3*z + 12 = g. List the prime factors of z.
2, 3
Suppose -g + 2*g = d + 1, -2*g = d - 11. Suppose 4*i - 14 + 6 = 0. Let j = d + i. What are the prime factors of j?
5
Suppose 2*i - 5*i = -30. What are the prime factors of i?
2, 5
Let o(b) = 2*b**3 + 8*b**2 + 5*b + 3. What are the prime factors of o(4)?
3, 31
Let p(c) be the first derivative of c**4/4 + 13*c**3/3 + 11*c**2/2 - 9*c - 1. Let f be ((-14)/35)/(1/30). List the prime factors of p(f).
3
Let f = 3 - -3. Suppose -2*s - f + 17 = 3*d, 2*d + s = 7. Suppose 7*p = d*p + 16. List the prime factors of p.
2
Let u(b) = -14*b + 27. What are the prime factors of u(-6)?
3, 37
Let x = -8 - -4. Suppose -q + 17 = 3*c + c, 4*q + 8 = 3*c. What are the prime factors of ((-3)/3)/(q/x)?
2
Suppose 2*k - 43 = 19. List the prime factors of k.
31
Suppose 4*m + 52 = 2*a, 122 = 5*a - m - 53. What are the prime factors of a?
2, 3
Let h(v) = 9*v + 16. List the prime factors of h(5).
61
Let v = 97 + -87. What are the prime factors of v?
2, 5
Let n(p) = -p + 1. Let v(o) = 7*o - 5. Let i(q) = -6*n(q) - v(q). Let m(f) = -f**2 + 11*f - 2. Let j(s) = -2*i(s) - m(s). What are the prime factors of j(9)?
2
Suppose 5*o = 375 - 15. Suppose -4*r = -3*u - o, 4*r - 2*r - 2*u = 34. List the prime factors of r.
3, 7
Suppose -6*i + 4*b + 71 = -i, b = 4*i - 48. Suppose 26 = s - i. What are the prime factors of s?
37
Suppose -24 = 2*b - b. List the prime factors of ((-138)/b)/(1/8).
2, 23
Suppose 5*f = -r + 30 + 49, 3*f + 385 = 4*r. What are the prime factors of r?
2, 47
Let j(a) = a**2 - a. Suppose 2*m + 1 = 3*m. Let b = 3 - m. List the prime factors of j(b).
2
Let s(i) = -i - 2. Let n be s(0). What are the prime factors of (n + 9)*-1*-1?
7
Let w be 204/15 + (-4)/(-10). Let f be (-2)/1*(-3)/2. Suppose f*c = 4 + w. What are the prime factors of c?
2, 3
Let t(d) = d + 7. Let v be t(0). Let z = v - -3. What are the prime factors of z?
2, 5
Let p = 58 + -27. What are the prime factors of p?
31
Let w = -26 - -39. What are the prime factors of w?
13
Let b be 0 + 5/((-5)/(-2)). Suppose -b*t - t = -33. List the prime factors of t.
11
Suppose -r = 2*r - 72. What are the prime factors of r?
2, 3
Let c be 0/(-4 + (0 - -2)). Suppose 2*u - 4*u + 4 = c. List the prime factors of u.
2
What are the prime factors of (343 + -1)*(-8)/(-16)?
3, 19
Suppose -9*i = -5*i - 152. List the prime factors of i.
2, 19
Let o(x) = -3 - 5*x + 4 + 10*x. List the prime factors of o(1).
2, 3
Suppose -f = -4*f - 9. Let c = 16 - f. What are the prime factors of c?
19
Let a = -3 - -1. List the prime factors of (-183)/(-15) + a/10.
2, 3
Let o(g) = 19*g. Let m be o(-1). Let j = -9 - m. What are the prime factors of j?
2, 5
Let q = 54 + -31. What are the prime factors of q?
23
Let a(u) = u**2 - 6*u - 27. List the prime factors of a(13).
2
Let v(r) = -3*r - 7. What are the prime factors of v(-8)?
17
Let h(z) = 2*z**2 + 0*z - 4*z - 3 - z**3 + 2*z**3. Suppose -1 = -b - 3. What are the prime factors of h(b)?
5
List the prime factors of ((-325)/20)/((-3)/12).
5, 13
Let i = 34 - -3. Suppose 67 = 2*q - 3*y, 0 = -5*y - i + 12. What are the prime factors of q?
2, 13
Let m(n) = -5*n**2 + 7*n + 2*n**2 + 5 + 2*n**2 - 2. List the prime factors of m(6).
3
Suppose 0 = 5*v + 4*w - 9*w + 20, -2 = -4*v - 2*w. Let r be (2/5)/(v/5). What are the prime factors of (13/r)/(8/(-16))?
13
Let j = -370 + 526. List the prime factors of j.
2, 3, 13
Suppose 0*c + 4*c = -5*i + 116, 5*i = -5*c + 140. Suppose -3*n + c + 240 = 3*o, -4*n + 346 = o. List the prime factors of (-3)/(-12) - n/(-8).
11
Suppose 12*k - 513 = 3*k. List the prime factors of k.
3, 19
Suppose 4*n - j - 470 = 0, -2*n - 3*j = j - 226. List the prime factors of n.
3, 13
Let r(z) = z**3 + 2*z**2 + 2*z. Let v = 1 + -7. Let n(s) = s**3 + 3*s**2 + 2*s + 1. Let d(x) = v*n(x) + 7*r(x). What are the prime factors of d(4)?
2
Suppose 2 = n - 1. Suppose -4*w = -2*l - 0*l - 20, -n*w + 9 = -3*l. What are the prime factors of w?
7
Suppose 2*l - y - 21 = 0, 6*l - l = -4*y + 20. Suppose -m = -8 - l. What are the prime factors of m?
2
Suppose 0 = 5*c + 2*f - 1365, 850 = 3*c - f - 4*f. List the prime factors of c.
5, 11
Suppose -z = -0*z - 5. Suppose -z*v = -3*v - 78. Let g = -28 + v. List the prime factors of g.
11
Let l(s) = 3*s**3 + 42*s**2 - 59. Let m(d) = -d**3 - 14*d**2 + 20. Let w(b) = -3*l(b) - 8*m(b). List the prime factors of w(-14).
17
Let u = -14 - -23. Let r be (4/(-10))/(11/(-495)). Let g = r - u. List the prime factors of g.
3
Let o(g) = g - 2. Suppose 0 = p - 4 + 2. Let j be (1 - (-1 + 0)) + p. List the prime factors of o(j).
2
Suppose 2*z = 3*z - 1. Let p be (3/(-4))/(z/(-4)). Suppose -p*x + 4*a = -47, -3*a = 7*x - 2*x - 117. List the prime factors of x.
3, 7
Let y = 9 - 3. Let o = y + -2. Suppose -5*j + 52 = -4*u, -4 = -0*j + j + o*u. What are the prime factors of j?
2
Let z be (1 + 74)*(-20)/(-25). Suppose -3*x + z = -5*j, 5*j + 35 = 2*x - 0*x. List the prime factors of x.
5
Let h(f) = 20*f**2 - 9*f - 3. What are the prime factors of h(-3)?
2, 3, 17
Let o = -17 - -19. Suppose 4 = o*q, -3*q = 5*n + q - 48. What are the prime factors of n?
2
Suppose 0 = -t - 3*t + 5*d + 8, 5*t = -d + 10. Suppose 0 = 3*x - 1 - t. List the prime factors of (5/10)/(x/24).
2, 3
Let t = 298 - 153. List the prime factors of t.
5, 29
Suppose 3*r - 854 = z, 270 + 569 = 3*r + 2*z. List the prime factors of r.
283
Let a(w) = 2*w**3 - 2*w**2 + 3*w - 2. Suppose -2*v + 30 = -7*v. Let q(u) = u + 8. Let y be q(v). What are the prime factors of a(y)?
2, 3
Let m be 5/(2 - (-316)/(-160)). Suppose -c = 4*c - m. List the prime factors of c.
2, 5
Suppose 1 = -8*b - 23. Let o(d) = -2*d + 10. Let t(s) = -5*s + 29. Let m(y) = -8*o(y) + 3*t(y). What are the prime factors of m(b)?
2
Let v(m) = 2*m**2 - 3*m - 6. List the prime factors of v(-4).
2, 19
Let b(r) = -r**3 - 6*r - 10. Let j(p) = -p**3 - p**2 - 7*p - 11. Let s(h) = 6*b(h) - 5*j(h). Let i be (1*-3 - 1)*-1. What are the prime factors of s(i)?
7
Suppose 19*q - 26*q = -574. What are the prime factors of q?
2, 41
Let a be -15*(-4)/6 - -4. What are the prime factors of 23/2 - (-21)/a?
13
Let v(d) be the third derivative of -d**4/24 + 2*d**2. Let j be v(-3). Suppose j = 3*p - 18. What are the prime factors of p?
7
Let a be (7 - (3 - 3)) + -2. Suppose 0 = -a*q + 47 + 13. What are the prime factors of q?
2, 3
Let w(z) = -56*z**3 - z**2 - z - 1. List the prime factors of w(-1).
5, 11
Suppose 0*c - 4*u = -3*c, -20 = -2*c - 4*u. Suppose 2*m + 34 = -4*x - 10, 0 = 5*x - c*m + 42. What are the prime factors of x/45 - 40/(-18)?
2
Suppose -161 = -5*p - 41. Suppose -8*i + p = -4*i. List the prime factors of i.
2, 3
Suppose -y - x = -61, x = 4*y + 4*x - 244. Suppose -t - 12 = j - 39, -3*j + t = -y. Suppose 8 = 3*l - j. List the prime factors of l.
2, 5
Suppose 5*z + 2*k + k = 521, 0 = -5*z + 5*k + 505. List the prime factors of z.
103
Suppose -5*h - 4*s + 773 + 368 = 0, -2*h + 460 = -2*s. List the prime factors of h.
229
Let l = -5 - -19. List the prime factors of l.
2, 7
Let c = 1 - -114. List the prime factors of c.
5, 23
Suppose -4*u + 5*u - 81 = 0. List the prime factors of u.
3
Let v(z) = -z**2 - 9*z - 1. What are the prime factors of v(-6)?
17
Suppose 5*x = 805 - 210. List the prime factors of x.
7, 17
Let a = 319 - 77. What are the prime factors of a?
2, 11
Let n be (-96)/(-9) + (-1)/(-3). Let c = n + -18. Let r = 13 + c. What are the prime factors of r?
2, 3
Let f(v) = 3*v**2 + 3*v + 3. Let h be f(4). Let t = h + -42. List the prime factors of t.
3, 7
Let u(q) = q**2 - 9*q + 2. Let g be u(9). Let x = g + 1. What are the prime factors of -1*(0 + x)*-4?
2, 3
Let q = 2